CRAN Package Check Results for Package metaplot

Last updated on 2023-01-29 03:55:19 CET.

Flavor Version Tinstall Tcheck Ttotal Status Flags
r-devel-linux-x86_64-debian-clang 0.8.3 10.03 115.45 125.48 NOTE
r-devel-linux-x86_64-debian-gcc 0.8.3 7.03 85.10 92.13 NOTE
r-devel-linux-x86_64-fedora-clang 0.8.3 147.52 NOTE
r-devel-linux-x86_64-fedora-gcc 0.8.3 144.50 NOTE
r-patched-linux-x86_64 0.8.3 12.37 104.75 117.12 NOTE
r-release-linux-x86_64 0.8.3 9.10 105.29 114.39 NOTE
r-release-macos-arm64 0.8.3 39.00 NOTE
r-release-macos-x86_64 0.8.3 68.00 NOTE
r-release-windows-x86_64 0.8.3 29.00 138.00 167.00 NOTE
r-oldrel-macos-arm64 0.8.3 43.00 NOTE
r-oldrel-macos-x86_64 0.8.3 76.00 NOTE
r-oldrel-windows-ix86+x86_64 0.8.3 22.00 134.00 156.00 NOTE

Check Details

Version: 0.8.3
Check: LazyData
Result: NOTE
     'LazyData' is specified without a 'data' directory
Flavors: r-devel-linux-x86_64-debian-clang, r-devel-linux-x86_64-debian-gcc, r-devel-linux-x86_64-fedora-clang, r-devel-linux-x86_64-fedora-gcc, r-patched-linux-x86_64, r-release-linux-x86_64, r-release-macos-arm64, r-release-macos-x86_64, r-release-windows-x86_64, r-oldrel-macos-arm64, r-oldrel-macos-x86_64, r-oldrel-windows-ix86+x86_64