CRAN Package Check Results for Package metapack

Last updated on 2022-10-04 03:56:46 CEST.

Flavor Version Tinstall Tcheck Ttotal Status Flags
r-devel-linux-x86_64-debian-clang 0.2.0 494.03 83.59 577.62 OK
r-devel-linux-x86_64-debian-gcc 0.2.0 399.95 63.85 463.80 OK
r-devel-linux-x86_64-fedora-clang 0.2.0 828.79 OK
r-devel-linux-x86_64-fedora-gcc 0.2.0 764.74 OK
r-devel-windows-x86_64 0.2.0 318.00 149.00 467.00 OK
r-patched-linux-x86_64 0.2.0 403.77 80.14 483.91 OK
r-release-linux-x86_64 0.2.0 400.47 80.82 481.29 OK
r-release-macos-arm64 0.2.0 172.00 NOTE
r-release-macos-x86_64 0.2.0 219.00 NOTE
r-release-windows-x86_64 0.2.0 324.00 132.00 456.00 OK
r-oldrel-macos-arm64 0.2.0 171.00 NOTE
r-oldrel-macos-x86_64 0.2.0 224.00 NOTE
r-oldrel-windows-ix86+x86_64 0.2.0 1116.00 151.00 1267.00 NOTE

Check Details

Version: 0.2.0
Check: installed package size
Result: NOTE
     installed size is 22.3Mb
     sub-directories of 1Mb or more:
     libs 22.0Mb
Flavors: r-release-macos-arm64, r-release-macos-x86_64, r-oldrel-macos-arm64, r-oldrel-macos-x86_64, r-oldrel-windows-ix86+x86_64