CRAN Package Check Results for Package metacoder

Last updated on 2022-06-30 03:53:27 CEST.

Flavor Version Tinstall Tcheck Ttotal Status Flags
r-devel-linux-x86_64-debian-clang 0.3.5 46.14 204.63 250.77 OK
r-devel-linux-x86_64-debian-gcc 0.3.5 37.50 147.04 184.54 OK
r-devel-linux-x86_64-fedora-clang 0.3.5 311.40 NOTE
r-devel-linux-x86_64-fedora-gcc 0.3.5 303.88 NOTE
r-devel-windows-x86_64 0.3.5 301.00 272.00 573.00 OK
r-patched-linux-x86_64 0.3.5 50.05 193.41 243.46 OK
r-release-linux-x86_64 0.3.5 40.60 191.30 231.90 OK
r-release-macos-arm64 0.3.5 78.00 NOTE
r-release-macos-x86_64 0.3.5 135.00 NOTE
r-release-windows-x86_64 0.3.5 272.00 268.00 540.00 OK
r-oldrel-macos-arm64 0.3.5 115.00 NOTE
r-oldrel-macos-x86_64 0.3.5 101.00 NOTE
r-oldrel-windows-ix86+x86_64 0.3.5 97.00 369.00 466.00 OK

Check Details

Version: 0.3.5
Check: dependencies in R code
Result: NOTE
    Namespace in Imports field not imported from: ‘R6’
     All declared Imports should be used.
Flavors: r-devel-linux-x86_64-fedora-clang, r-devel-linux-x86_64-fedora-gcc, r-release-macos-arm64, r-release-macos-x86_64, r-oldrel-macos-arm64, r-oldrel-macos-x86_64