CRAN Package Check Results for Package metabolic

Last updated on 2022-09-25 03:54:34 CEST.

Flavor Version Tinstall Tcheck Ttotal Status Flags
r-devel-linux-x86_64-debian-clang 0.1.1 5.98 48.50 54.48 OK
r-devel-linux-x86_64-debian-gcc 0.1.1 4.72 37.17 41.89 OK
r-devel-linux-x86_64-fedora-clang 0.1.1 88.17 NOTE
r-devel-linux-x86_64-fedora-gcc 0.1.1 76.80 NOTE
r-devel-windows-x86_64 0.1.1 33.00 78.00 111.00 OK
r-patched-linux-x86_64 0.1.1 5.84 45.05 50.89 OK
r-release-linux-x86_64 0.1.1 6.11 44.28 50.39 OK
r-release-macos-arm64 0.1.1 23.00 NOTE
r-release-macos-x86_64 0.1.1 33.00 NOTE
r-release-windows-x86_64 0.1.1 29.00 69.00 98.00 OK
r-oldrel-macos-arm64 0.1.1 23.00 NOTE
r-oldrel-macos-x86_64 0.1.1 37.00 NOTE
r-oldrel-windows-ix86+x86_64 0.1.1 14.00 70.00 84.00 OK

Check Details

Version: 0.1.1
Check: data for non-ASCII characters
Result: NOTE
     Note: found 37 marked UTF-8 strings
Flavors: r-devel-linux-x86_64-fedora-clang, r-devel-linux-x86_64-fedora-gcc, r-release-macos-arm64, r-release-macos-x86_64, r-oldrel-macos-arm64, r-oldrel-macos-x86_64