CRAN Package Check Results for Package metaGE

Last updated on 2024-06-20 15:50:01 CEST.

Flavor Version Tinstall Tcheck Ttotal Status Flags
r-devel-linux-x86_64-debian-clang 1.0.3 22.26 217.69 239.95 OK
r-devel-linux-x86_64-debian-gcc 1.0.3 16.29 163.07 179.36 OK
r-devel-linux-x86_64-fedora-clang 1.0.3 299.82 NOTE
r-devel-linux-x86_64-fedora-gcc 1.0.3 296.65 OK
r-devel-windows-x86_64 1.0.3 17.00 180.00 197.00 NOTE
r-patched-linux-x86_64 1.0.3 19.64 210.10 229.74 OK
r-release-linux-x86_64 1.0.3 12.40 206.23 218.63 OK
r-release-macos-arm64 1.0.3 98.00 NOTE
r-release-macos-x86_64 1.0.3 164.00 NOTE
r-release-windows-x86_64 1.0.3 17.00 181.00 198.00 NOTE
r-oldrel-macos-arm64 1.0.3 169.00 NOTE
r-oldrel-macos-x86_64 1.0.3 216.00 NOTE
r-oldrel-windows-x86_64 1.0.3 22.00 218.00 240.00 NOTE

Check Details

Version: 1.0.3
Check: installed package size
Result: NOTE installed size is 5.2Mb sub-directories of 1Mb or more: data 4.1Mb Flavors: r-devel-linux-x86_64-fedora-clang, r-devel-windows-x86_64, r-release-macos-arm64, r-release-macos-x86_64, r-release-windows-x86_64, r-oldrel-macos-arm64, r-oldrel-macos-x86_64, r-oldrel-windows-x86_64