CRAN Package Check Results for Package messy.cats

Last updated on 2023-03-26 03:50:16 CEST.

Flavor Version Tinstall Tcheck Ttotal Status Flags
r-devel-linux-x86_64-debian-clang 1.0 6.94 53.31 60.25 OK
r-devel-linux-x86_64-debian-gcc 1.0 5.83 40.28 46.11 OK
r-devel-linux-x86_64-fedora-clang 1.0 75.78 NOTE
r-devel-linux-x86_64-fedora-gcc 1.0 80.61 NOTE
r-patched-linux-x86_64 1.0 6.73 49.39 56.12 OK
r-release-linux-x86_64 1.0 5.61 50.67 56.28 OK
r-release-macos-arm64 1.0 29.00 NOTE
r-release-macos-x86_64 1.0 40.00 NOTE
r-release-windows-x86_64 1.0 30.00 91.00 121.00 OK
r-oldrel-macos-arm64 1.0 29.00 NOTE
r-oldrel-macos-x86_64 1.0 41.00 NOTE
r-oldrel-windows-ix86+x86_64 1.0 14.00 78.00 92.00 OK

Check Details

Version: 1.0
Check: dependencies in R code
Result: NOTE
    Namespace in Imports field not imported from: ‘gt’
     All declared Imports should be used.
Flavors: r-devel-linux-x86_64-fedora-clang, r-devel-linux-x86_64-fedora-gcc, r-release-macos-arm64, r-release-macos-x86_64, r-oldrel-macos-arm64, r-oldrel-macos-x86_64