Last updated on 2022-05-17 15:53:22 CEST.
Flavor | Version | Tinstall | Tcheck | Ttotal | Status | Flags |
---|---|---|---|---|---|---|
r-devel-linux-x86_64-debian-clang | 0.2.1 | 406.66 | 193.74 | 600.40 | WARN | |
r-devel-linux-x86_64-debian-gcc | 0.2.1 | 345.05 | 194.07 | 539.12 | OK | |
r-devel-linux-x86_64-fedora-clang | 0.2.1 | 916.91 | WARN | |||
r-devel-linux-x86_64-fedora-gcc | 0.2.1 | 825.78 | OK | |||
r-devel-windows-x86_64 | 0.2.1 | 331.00 | 202.00 | 533.00 | OK | |
r-patched-linux-x86_64 | 0.2.1 | 357.60 | 210.91 | 568.51 | OK | |
r-release-linux-x86_64 | 0.2.1 | 357.76 | 210.13 | 567.89 | OK | |
r-release-macos-arm64 | 0.2.1 | 183.00 | NOTE | |||
r-release-macos-x86_64 | 0.2.1 | 286.00 | NOTE | |||
r-release-windows-x86_64 | 0.2.1 | 298.00 | 197.00 | 495.00 | OK | |
r-oldrel-macos-arm64 | 0.2.1 | 161.00 | NOTE | |||
r-oldrel-macos-x86_64 | 0.2.1 | 217.00 | NOTE | |||
r-oldrel-windows-ix86+x86_64 | 0.2.1 | 977.00 | 223.00 | 1200.00 | NOTE |
Version: 0.2.1
Check: whether package can be installed
Result: WARN
Found the following significant warnings:
meshed_betalambdatau_sampler.cpp:126:12: warning: use of bitwise '&' with boolean operands [-Wbitwise-instead-of-logical]
meshed_lambda_sampler.cpp:225:10: warning: use of bitwise '&' with boolean operands [-Wbitwise-instead-of-logical]
meshed_w_sampler.cpp:296:12: warning: use of bitwise '&' with boolean operands [-Wbitwise-instead-of-logical]
Flavors: r-devel-linux-x86_64-debian-clang, r-devel-linux-x86_64-fedora-clang
Version: 0.2.1
Check: installed package size
Result: NOTE
installed size is 17.2Mb
sub-directories of 1Mb or more:
libs 16.0Mb
Flavors: r-devel-linux-x86_64-fedora-clang, r-release-macos-arm64, r-release-macos-x86_64, r-oldrel-macos-arm64, r-oldrel-macos-x86_64, r-oldrel-windows-ix86+x86_64