Last updated on 2025-01-18 04:48:30 CET.
Flavor | Version | Tinstall | Tcheck | Ttotal | Status | Flags |
---|---|---|---|---|---|---|
r-devel-linux-x86_64-debian-clang | 1.0.0 | 15.81 | 115.86 | 131.67 | NOTE | |
r-devel-linux-x86_64-debian-gcc | 1.0.0 | 9.09 | 80.84 | 89.93 | NOTE | |
r-devel-linux-x86_64-fedora-clang | 1.0.0 | 213.55 | NOTE | |||
r-devel-linux-x86_64-fedora-gcc | 1.0.0 | 210.03 | NOTE | |||
r-devel-windows-x86_64 | 1.0.0 | 16.00 | 176.00 | 192.00 | NOTE | |
r-patched-linux-x86_64 | 1.0.0 | 14.59 | 105.24 | 119.83 | NOTE | |
r-release-linux-x86_64 | 1.0.0 | 12.99 | 105.54 | 118.53 | NOTE | |
r-release-macos-arm64 | 1.0.0 | 65.00 | NOTE | |||
r-release-macos-x86_64 | 1.0.0 | 117.00 | NOTE | |||
r-release-windows-x86_64 | 1.0.0 | 15.00 | 121.00 | 136.00 | NOTE | |
r-oldrel-macos-arm64 | 1.0.0 | 72.00 | NOTE | |||
r-oldrel-macos-x86_64 | 1.0.0 | 110.00 | NOTE | |||
r-oldrel-windows-x86_64 | 1.0.0 | 19.00 | 143.00 | 162.00 | NOTE |
Version: 1.0.0
Check: package subdirectories
Result: NOTE
Problems with news in ‘NEWS.md’:
No news entries found.
Flavors: r-devel-linux-x86_64-debian-clang, r-devel-linux-x86_64-debian-gcc, r-devel-linux-x86_64-fedora-clang, r-devel-linux-x86_64-fedora-gcc, r-devel-windows-x86_64, r-patched-linux-x86_64, r-release-linux-x86_64, r-release-macos-arm64, r-release-macos-x86_64, r-release-windows-x86_64, r-oldrel-macos-arm64, r-oldrel-macos-x86_64, r-oldrel-windows-x86_64