CRAN Package Check Results for Package meditate

Last updated on 2022-07-03 03:50:00 CEST.

Flavor Version Tinstall Tcheck Ttotal Status Flags
r-devel-linux-x86_64-debian-clang 0.1.3 13.50 29.54 43.04 NOTE
r-devel-linux-x86_64-debian-gcc 0.1.3 12.28 22.74 35.02 NOTE
r-devel-linux-x86_64-fedora-clang 0.1.3 66.71 NOTE
r-devel-linux-x86_64-fedora-gcc 0.1.3 65.01 NOTE
r-devel-windows-x86_64 0.1.3 20.00 59.00 79.00 NOTE
r-patched-linux-x86_64 0.1.3 14.55 28.62 43.17 NOTE
r-release-linux-x86_64 0.1.3 13.09 28.76 41.85 NOTE
r-release-macos-arm64 0.1.3 31.00 NOTE
r-release-macos-x86_64 0.1.3 35.00 NOTE
r-release-windows-x86_64 0.1.3 22.00 60.00 82.00 NOTE
r-oldrel-macos-arm64 0.1.3 36.00 NOTE
r-oldrel-macos-x86_64 0.1.3 49.00 NOTE
r-oldrel-windows-ix86+x86_64 0.1.3 23.00 53.00 76.00 NOTE

Check Details

Version: 0.1.3
Check: LazyData
Result: NOTE
     'LazyData' is specified without a 'data' directory
     'LazyDataCompression' is specified without a 'data' directory
Flavors: r-devel-linux-x86_64-debian-clang, r-devel-linux-x86_64-debian-gcc, r-devel-linux-x86_64-fedora-clang, r-devel-linux-x86_64-fedora-gcc, r-devel-windows-x86_64, r-patched-linux-x86_64, r-release-linux-x86_64, r-release-macos-arm64, r-release-macos-x86_64, r-release-windows-x86_64, r-oldrel-macos-arm64, r-oldrel-macos-x86_64, r-oldrel-windows-ix86+x86_64