CRAN Package Check Results for Package mediation

Last updated on 2024-06-13 03:49:25 CEST.

Flavor Version Tinstall Tcheck Ttotal Status Flags
r-devel-linux-x86_64-debian-clang 4.5.0 27.27 343.03 370.30 OK
r-devel-linux-x86_64-debian-gcc 4.5.0 0.45 1.85 2.30 ERROR
r-devel-linux-x86_64-fedora-clang 4.5.0 421.54 OK
r-devel-linux-x86_64-fedora-gcc 4.5.0 442.10 OK
r-devel-windows-x86_64 4.5.0 21.00 330.00 351.00 OK
r-patched-linux-x86_64 4.5.0 19.45 331.30 350.75 OK
r-release-linux-x86_64 4.5.0 16.72 326.43 343.15 OK
r-release-macos-arm64 4.5.0 126.00 OK
r-release-macos-x86_64 4.5.0 213.00 OK
r-release-windows-x86_64 4.5.0 22.00 323.00 345.00 OK
r-oldrel-macos-arm64 4.5.0 186.00 OK
r-oldrel-macos-x86_64 4.5.0 316.00 OK
r-oldrel-windows-x86_64 4.5.0 28.00 367.00 395.00 OK

Check Details

Version: 4.5.0
Check: package dependencies
Result: ERROR Packages required but not available: 'Hmisc', 'lme4' Package suggested but not available for checking: ‘testthat’ See section ‘The DESCRIPTION file’ in the ‘Writing R Extensions’ manual. Flavor: r-devel-linux-x86_64-debian-gcc