CRAN Package Check Results for Package mdir.logrank

Last updated on 2020-09-18 15:52:51 CEST.

Flavor Version Tinstall Tcheck Ttotal Status Flags
r-devel-linux-x86_64-debian-clang 0.0.4 3.56 29.98 33.54 OK
r-devel-linux-x86_64-debian-gcc 0.0.4 2.58 23.97 26.55 OK
r-devel-linux-x86_64-fedora-clang 0.0.4 50.73 OK
r-devel-linux-x86_64-fedora-gcc 0.0.4 41.47 OK
r-devel-windows-ix86+x86_64 0.0.4 7.00 54.00 61.00 OK
r-patched-linux-x86_64 0.0.4 3.16 29.85 33.01 OK
r-patched-solaris-x86 0.0.4 57.70 OK
r-release-linux-x86_64 0.0.4 2.79 29.62 32.41 OK
r-release-macos-x86_64 0.0.4 OK
r-release-windows-ix86+x86_64 0.0.4 5.00 36.00 41.00 OK
r-oldrel-macos-x86_64 0.0.4 NOTE
r-oldrel-windows-ix86+x86_64 0.0.4 4.00 45.00 49.00 OK

Check Details

Version: 0.0.4
Check: package dependencies
Result: NOTE
    Package suggested but not available for checking: ‘RGtk2’
Flavor: r-oldrel-macos-x86_64