CRAN Package Check Results for Package mdbr

Last updated on 2023-02-02 04:05:53 CET.

Flavor Version Tinstall Tcheck Ttotal Status Flags
r-devel-linux-x86_64-debian-clang 0.1.2 4.82 39.97 44.79 NOTE
r-devel-linux-x86_64-debian-gcc 0.1.2 2.86 30.02 32.88 NOTE
r-devel-linux-x86_64-fedora-clang 0.1.2 53.44 NOTE
r-devel-linux-x86_64-fedora-gcc 0.1.2 52.12 NOTE
r-patched-linux-x86_64 0.1.2 4.38 38.96 43.34 NOTE
r-release-linux-x86_64 0.1.2 3.53 39.15 42.68 NOTE
r-release-macos-arm64 0.1.2 20.00 NOTE
r-release-macos-x86_64 0.1.2 43.00 NOTE
r-release-windows-x86_64 0.1.2 11.00 72.00 83.00 NOTE
r-oldrel-macos-arm64 0.1.2 21.00 NOTE
r-oldrel-macos-x86_64 0.1.2 29.00 NOTE
r-oldrel-windows-ix86+x86_64 0.1.2 10.00 69.00 79.00 NOTE

Check Details

Version: 0.1.2
Check: LazyData
Result: NOTE
     'LazyData' is specified without a 'data' directory
Flavors: r-devel-linux-x86_64-debian-clang, r-devel-linux-x86_64-debian-gcc, r-devel-linux-x86_64-fedora-clang, r-devel-linux-x86_64-fedora-gcc, r-patched-linux-x86_64, r-release-linux-x86_64, r-release-macos-arm64, r-release-macos-x86_64, r-release-windows-x86_64, r-oldrel-macos-arm64, r-oldrel-macos-x86_64, r-oldrel-windows-ix86+x86_64