CRAN Package Check Results for Package mdbr

Last updated on 2023-12-01 15:53:40 CET.

Flavor Version Tinstall Tcheck Ttotal Status Flags
r-devel-linux-x86_64-debian-clang 0.1.2 4.17 40.46 44.63 NOTE
r-devel-linux-x86_64-debian-gcc 0.1.2 3.54 30.36 33.90 NOTE
r-devel-linux-x86_64-fedora-clang 0.1.2 55.48 NOTE
r-devel-linux-x86_64-fedora-gcc 0.1.2 51.89 NOTE
r-devel-windows-x86_64 0.1.2 5.00 51.00 56.00 NOTE
r-patched-linux-x86_64 0.1.2 3.68 38.50 42.18 NOTE
r-release-linux-x86_64 0.1.2 2.87 38.62 41.49 NOTE
r-release-macos-arm64 0.1.2 24.00 NOTE
r-release-macos-x86_64 0.1.2 29.00 NOTE
r-release-windows-x86_64 0.1.2 6.00 58.00 64.00 NOTE
r-oldrel-macos-arm64 0.1.2 20.00 NOTE
r-oldrel-macos-x86_64 0.1.2 43.00 NOTE
r-oldrel-windows-x86_64 0.1.2 6.00 59.00 65.00 NOTE

Check Details

Version: 0.1.2
Check: LazyData
Result: NOTE 'LazyData' is specified without a 'data' directory Flavors: r-devel-linux-x86_64-debian-clang, r-devel-linux-x86_64-debian-gcc, r-devel-linux-x86_64-fedora-clang, r-devel-linux-x86_64-fedora-gcc, r-devel-windows-x86_64, r-patched-linux-x86_64, r-release-linux-x86_64, r-release-macos-arm64, r-release-macos-x86_64, r-release-windows-x86_64, r-oldrel-macos-arm64, r-oldrel-macos-x86_64, r-oldrel-windows-x86_64