CRAN Package Check Results for Package mco

Last updated on 2022-06-26 03:50:05 CEST.

Flavor Version Tinstall Tcheck Ttotal Status Flags
r-devel-linux-x86_64-debian-clang 1.15.6 6.89 41.41 48.30 NOTE
r-devel-linux-x86_64-debian-gcc 1.15.6 4.27 31.52 35.79 NOTE
r-devel-linux-x86_64-fedora-clang 1.15.6 67.65 NOTE
r-devel-linux-x86_64-fedora-gcc 1.15.6 67.07 NOTE
r-devel-windows-x86_64 1.15.6 25.00 74.00 99.00 NOTE
r-patched-linux-x86_64 1.15.6 4.99 41.25 46.24 NOTE
r-release-linux-x86_64 1.15.6 4.78 41.94 46.72 NOTE
r-release-macos-arm64 1.15.6 21.00 NOTE
r-release-macos-x86_64 1.15.6 33.00 NOTE
r-release-windows-x86_64 1.15.6 24.00 68.00 92.00 NOTE
r-oldrel-macos-arm64 1.15.6 31.00 NOTE
r-oldrel-macos-x86_64 1.15.6 40.00 NOTE
r-oldrel-windows-ix86+x86_64 1.15.6 15.00 90.00 105.00 NOTE

Check Details

Version: 1.15.6
Check: LazyData
Result: NOTE
     'LazyData' is specified without a 'data' directory
Flavors: r-devel-linux-x86_64-debian-clang, r-devel-linux-x86_64-debian-gcc, r-devel-linux-x86_64-fedora-clang, r-devel-linux-x86_64-fedora-gcc, r-devel-windows-x86_64, r-patched-linux-x86_64, r-release-linux-x86_64, r-release-macos-arm64, r-release-macos-x86_64, r-release-windows-x86_64, r-oldrel-macos-arm64, r-oldrel-macos-x86_64, r-oldrel-windows-ix86+x86_64