Last updated on 2022-06-27 03:51:17 CEST.
Flavor | Version | Tinstall | Tcheck | Ttotal | Status | Flags |
---|---|---|---|---|---|---|
r-devel-linux-x86_64-debian-clang | 0.7.0 | 113.14 | 306.88 | 420.02 | OK | |
r-devel-linux-x86_64-debian-gcc | 0.7.0 | 88.68 | 227.41 | 316.09 | OK | |
r-devel-linux-x86_64-fedora-clang | 0.7.0 | 523.88 | NOTE | |||
r-devel-linux-x86_64-fedora-gcc | 0.7.0 | 517.42 | OK | |||
r-devel-windows-x86_64 | 0.7.0 | 117.00 | 369.00 | 486.00 | OK | |
r-patched-linux-x86_64 | 0.7.0 | 94.58 | 296.72 | 391.30 | OK | |
r-release-linux-x86_64 | 0.7.0 | 90.79 | 294.01 | 384.80 | OK | |
r-release-macos-arm64 | 0.7.0 | 136.00 | NOTE | |||
r-release-macos-x86_64 | 0.7.0 | 181.00 | NOTE | |||
r-release-windows-x86_64 | 0.7.0 | 138.00 | 361.00 | 499.00 | OK | |
r-oldrel-macos-arm64 | 0.7.0 | 157.00 | NOTE | |||
r-oldrel-macos-x86_64 | 0.7.0 | 258.00 | NOTE | |||
r-oldrel-windows-ix86+x86_64 | 0.7.0 | 233.00 | 517.00 | 750.00 | OK |
Version: 0.7.0
Check: installed package size
Result: NOTE
installed size is 12.6Mb
sub-directories of 1Mb or more:
libs 11.2Mb
Flavors: r-devel-linux-x86_64-fedora-clang, r-release-macos-arm64, r-release-macos-x86_64, r-oldrel-macos-arm64, r-oldrel-macos-x86_64