CRAN Package Check Results for Package mcen

Last updated on 2020-09-22 03:49:29 CEST.

Flavor Version Tinstall Tcheck Ttotal Status Flags
r-devel-linux-x86_64-debian-clang 1.2 11.26 80.90 92.16 OK
r-devel-linux-x86_64-debian-gcc 1.2 0.30 1.88 2.18 ERROR
r-devel-linux-x86_64-fedora-clang 1.2 122.00 OK
r-devel-linux-x86_64-fedora-gcc 1.2 115.14 OK
r-devel-windows-ix86+x86_64 1.2 28.00 118.00 146.00 OK
r-patched-linux-x86_64 1.2 11.15 80.51 91.66 OK
r-patched-solaris-x86 1.2 162.40 OK
r-release-linux-x86_64 1.2 10.77 81.36 92.13 OK
r-release-macos-x86_64 1.2 OK
r-release-windows-ix86+x86_64 1.2 28.00 104.00 132.00 OK
r-oldrel-macos-x86_64 1.2 OK
r-oldrel-windows-ix86+x86_64 1.2 19.00 129.00 148.00 OK

Check Details

Version: 1.2
Check: whether package can be installed
Result: ERROR
    Installation failed.
Flavor: r-devel-linux-x86_64-debian-gcc