CRAN Package Check Results for Package mcemGLM

Last updated on 2021-09-19 03:51:13 CEST.

Flavor Version Tinstall Tcheck Ttotal Status Flags
r-devel-linux-x86_64-debian-clang 1.1.1 815.92 63.65 879.57 OK --no-vignettes
r-devel-linux-x86_64-debian-gcc 1.1.1 501.62 47.61 549.23 OK --no-vignettes
r-devel-linux-x86_64-fedora-clang 1.1.1 1284.80 NOTE --no-vignettes
r-devel-linux-x86_64-fedora-gcc 1.1.1 1082.15 NOTE --no-vignettes
r-devel-windows-x86_64 1.1.1 724.00 80.00 804.00 NOTE --no-vignettes
r-devel-windows-x86_64-gcc10-UCRT 1.1.1 ERROR --no-vignettes
r-patched-linux-x86_64 1.1.1 622.64 61.71 684.35 OK --no-vignettes
r-patched-solaris-x86 1.1.1 874.50 OK --no-vignettes
r-release-linux-x86_64 1.1.1 615.26 62.12 677.38 OK --no-vignettes
r-release-macos-arm64 1.1.1 FAIL
r-release-macos-x86_64 1.1.1 NOTE
r-release-windows-ix86+x86_64 1.1.1 1871.00 65.00 1936.00 NOTE --no-vignettes
r-oldrel-macos-x86_64 1.1.1 FAIL
r-oldrel-windows-ix86+x86_64 1.1.1 1819.00 68.00 1887.00 NOTE --no-vignettes

Check Details

Version: 1.1.1
Flags: --no-vignettes
Check: installed package size
Result: NOTE
     installed size is 13.4Mb
     sub-directories of 1Mb or more:
     doc 3.8Mb
     libs 9.4Mb
Flavors: r-devel-linux-x86_64-fedora-clang, r-devel-windows-x86_64, r-release-windows-ix86+x86_64, r-oldrel-windows-ix86+x86_64

Version: 1.1.1
Flags: --no-vignettes
Check: compiled code
Result: NOTE
    File ‘mcemGLM/libs/mcemGLM.so’:
     Found no calls to: ‘R_registerRoutines’, ‘R_useDynamicSymbols’
    
    It is good practice to register native routines and to disable symbol
    search.
    
    See ‘Writing portable packages’ in the ‘Writing R Extensions’ manual.
Flavors: r-devel-linux-x86_64-fedora-clang, r-devel-linux-x86_64-fedora-gcc

Version: 1.1.1
Flags: --no-vignettes
Check: whether package can be installed
Result: ERROR
    Installation failed.
Flavor: r-devel-windows-x86_64-gcc10-UCRT

Version: 1.1.1
Check: installed package size
Result: NOTE
     installed size is 18.6Mb
     sub-directories of 1Mb or more:
     doc 3.8Mb
     libs 14.6Mb
Flavors: r-release-macos-arm64, r-release-macos-x86_64, r-oldrel-macos-x86_64

Version: 1.1.1
Check: running R code from vignettes
Result: ERROR
    Errors in running code in vignettes:
    when running code in ‘mcemGLM-vignette.Rnw’
     ...
     6 : 6 6 : 6 Max. :1.000
     (Other):324 (Other):324
    
    > fitBernoulli <- mcemGLMM(fixed = Mate ~ 0 + Cross,
    + random = list(~0 + Female, ~0 + Male), data = salamander,
    + family = "bernoulli", vcD .... [TRUNCATED]
    
    Execution halted
    
    ... incomplete output. Crash?
    
     ‘mcemGLM-vignette.Rnw’... failed to complete the test
Flavor: r-release-macos-arm64

Version: 1.1.1
Check: re-building of vignette outputs
Result: FAIL
Flavor: r-release-macos-arm64

Version: 1.1.1
Check: running R code from vignettes
Result: FAIL
Flavor: r-oldrel-macos-x86_64