CRAN Package Check Results for Package mcemGLM

Last updated on 2020-09-22 03:49:29 CEST.

Flavor Version Tinstall Tcheck Ttotal Status Flags
r-devel-linux-x86_64-debian-clang 1.1.1 786.37 59.61 845.98 OK --no-vignettes
r-devel-linux-x86_64-debian-gcc 1.1.1 0.58 2.10 2.68 ERROR --no-vignettes
r-devel-linux-x86_64-fedora-clang 1.1.1 1225.93 NOTE --no-vignettes
r-devel-linux-x86_64-fedora-gcc 1.1.1 1108.44 NOTE --no-vignettes
r-devel-windows-ix86+x86_64 1.1.1 1787.00 79.00 1866.00 NOTE --no-vignettes
r-patched-linux-x86_64 1.1.1 561.26 60.06 621.32 OK --no-vignettes
r-patched-solaris-x86 1.1.1 753.60 OK --no-vignettes
r-release-linux-x86_64 1.1.1 562.04 59.98 622.02 OK --no-vignettes
r-release-macos-x86_64 1.1.1 FAIL
r-release-windows-ix86+x86_64 1.1.1 1850.00 65.00 1915.00 NOTE --no-vignettes
r-oldrel-macos-x86_64 1.1.1 FAIL
r-oldrel-windows-ix86+x86_64 1.1.1 1206.00 80.00 1286.00 NOTE --no-vignettes

Check Details

Version: 1.1.1
Flags: --no-vignettes
Check: whether package can be installed
Result: ERROR
    Installation failed.
Flavor: r-devel-linux-x86_64-debian-gcc

Version: 1.1.1
Flags: --no-vignettes
Check: installed package size
Result: NOTE
     installed size is 16.9Mb
     sub-directories of 1Mb or more:
     doc 3.8Mb
     libs 12.8Mb
Flavors: r-devel-linux-x86_64-fedora-clang, r-devel-windows-ix86+x86_64, r-release-windows-ix86+x86_64, r-oldrel-windows-ix86+x86_64

Version: 1.1.1
Flags: --no-vignettes
Check: compiled code
Result: NOTE
    File ‘mcemGLM/libs/mcemGLM.so’:
     Found no calls to: ‘R_registerRoutines’, ‘R_useDynamicSymbols’
    
    It is good practice to register native routines and to disable symbol
    search.
    
    See ‘Writing portable packages’ in the ‘Writing R Extensions’ manual.
Flavors: r-devel-linux-x86_64-fedora-clang, r-devel-linux-x86_64-fedora-gcc

Version: 1.1.1
Check: installed package size
Result: NOTE
     installed size is 15.4Mb
     sub-directories of 1Mb or more:
     doc 3.8Mb
     libs 11.4Mb
Flavors: r-release-macos-x86_64, r-oldrel-macos-x86_64

Version: 1.1.1
Check: running R code from vignettes
Result: FAIL
Flavors: r-release-macos-x86_64, r-oldrel-macos-x86_64