CRAN Package Check Results for Package mboxr

Last updated on 2022-08-12 03:53:31 CEST.

Flavor Version Tinstall Tcheck Ttotal Status Flags
r-devel-linux-x86_64-debian-clang 0.2.0 1.86 29.94 31.80 NOTE
r-devel-linux-x86_64-debian-gcc 0.2.0 1.79 23.01 24.80 NOTE
r-devel-linux-x86_64-fedora-clang 0.2.0 49.74 NOTE
r-devel-linux-x86_64-fedora-gcc 0.2.0 47.39 NOTE
r-devel-windows-x86_64 0.2.0 13.00 64.00 77.00 NOTE
r-patched-linux-x86_64 0.2.0 2.36 28.27 30.63 NOTE
r-release-linux-x86_64 0.2.0 1.91 28.39 30.30 NOTE
r-release-macos-arm64 0.2.0 18.00 NOTE
r-release-macos-x86_64 0.2.0 32.00 NOTE
r-release-windows-x86_64 0.2.0 8.00 58.00 66.00 NOTE
r-oldrel-macos-arm64 0.2.0 21.00 NOTE
r-oldrel-macos-x86_64 0.2.0 27.00 NOTE
r-oldrel-windows-ix86+x86_64 0.2.0 7.00 48.00 55.00 NOTE

Check Details

Version: 0.2.0
Check: LazyData
Result: NOTE
     'LazyData' is specified without a 'data' directory
Flavors: r-devel-linux-x86_64-debian-clang, r-devel-linux-x86_64-debian-gcc, r-devel-linux-x86_64-fedora-clang, r-devel-linux-x86_64-fedora-gcc, r-devel-windows-x86_64, r-patched-linux-x86_64, r-release-linux-x86_64, r-release-macos-arm64, r-release-macos-x86_64, r-release-windows-x86_64, r-oldrel-macos-arm64, r-oldrel-macos-x86_64, r-oldrel-windows-ix86+x86_64