Last updated on 2023-02-01 03:54:20 CET.
Flavor | Version | Tinstall | Tcheck | Ttotal | Status | Flags |
---|---|---|---|---|---|---|
r-devel-linux-x86_64-debian-clang | 0.0.2 | 2.75 | 27.79 | 30.54 | OK | --no-vignettes |
r-devel-linux-x86_64-debian-gcc | 0.0.2 | 2.11 | 21.38 | 23.49 | OK | --no-vignettes |
r-devel-linux-x86_64-fedora-clang | 0.0.2 | 1036.91 | OK | |||
r-devel-linux-x86_64-fedora-gcc | 0.0.2 | 1096.80 | OK | |||
r-devel-windows-x86_64 | 0.0.2 | 15.00 | 850.00 | 865.00 | NOTE | |
r-patched-linux-x86_64 | 0.0.2 | 2.55 | 26.81 | 29.36 | OK | --no-vignettes |
r-release-linux-x86_64 | 0.0.2 | 2.70 | 27.16 | 29.86 | OK | --no-vignettes |
r-release-macos-arm64 | 0.0.2 | 174.00 | OK | |||
r-release-macos-x86_64 | 0.0.2 | 288.00 | OK | |||
r-release-windows-x86_64 | 0.0.2 | 13.00 | 887.00 | 900.00 | NOTE | |
r-oldrel-macos-arm64 | 0.0.2 | 172.00 | OK | |||
r-oldrel-macos-x86_64 | 0.0.2 | 239.00 | OK | |||
r-oldrel-windows-ix86+x86_64 | 0.0.2 | 7.00 | 804.00 | 811.00 | NOTE |
Version: 0.0.2
Check: package dependencies
Result: NOTE
Package suggested but not available for checking: 'doMC'
Flavors: r-devel-windows-x86_64, r-release-windows-x86_64, r-oldrel-windows-ix86+x86_64