Last updated on 2023-01-29 03:55:18 CET.
Flavor | Version | Tinstall | Tcheck | Ttotal | Status | Flags |
---|---|---|---|---|---|---|
r-devel-linux-x86_64-debian-clang | 0.1.2 | 6.50 | 76.40 | 82.90 | NOTE | |
r-devel-linux-x86_64-debian-gcc | 0.1.2 | 5.45 | 55.43 | 60.88 | NOTE | |
r-devel-linux-x86_64-fedora-clang | 0.1.2 | 102.12 | NOTE | |||
r-devel-linux-x86_64-fedora-gcc | 0.1.2 | 109.52 | NOTE | |||
r-patched-linux-x86_64 | 0.1.2 | 6.97 | 71.19 | 78.16 | NOTE | |
r-release-linux-x86_64 | 0.1.2 | 7.69 | 71.77 | 79.46 | NOTE | |
r-release-macos-arm64 | 0.1.2 | 34.00 | OK | |||
r-release-macos-x86_64 | 0.1.2 | 60.00 | OK | |||
r-release-windows-x86_64 | 0.1.2 | 15.00 | 111.00 | 126.00 | OK | |
r-oldrel-macos-arm64 | 0.1.2 | 49.00 | OK | |||
r-oldrel-macos-x86_64 | 0.1.2 | 48.00 | OK | |||
r-oldrel-windows-ix86+x86_64 | 0.1.2 | 19.00 | 107.00 | 126.00 | OK |
Version: 0.1.2
Check: for non-standard things in the check directory
Result: NOTE
Found the following files/directories:
‘utilities.R’
Flavors: r-devel-linux-x86_64-debian-clang, r-devel-linux-x86_64-debian-gcc, r-devel-linux-x86_64-fedora-clang, r-devel-linux-x86_64-fedora-gcc, r-patched-linux-x86_64, r-release-linux-x86_64