CRAN Package Check Results for Package matrixTests

Last updated on 2020-10-23 15:48:10 CEST.

Flavor Version Tinstall Tcheck Ttotal Status Flags
r-devel-linux-x86_64-debian-clang 0.1.9 4.17 627.78 631.95 ERROR
r-devel-linux-x86_64-debian-gcc 0.1.9 4.14 552.34 556.48 OK
r-devel-linux-x86_64-fedora-clang 0.1.9 211.87 OK
r-devel-linux-x86_64-fedora-gcc 0.1.9 210.28 OK
r-devel-windows-ix86+x86_64 0.1.9 9.00 222.00 231.00 OK
r-patched-linux-x86_64 0.1.9 4.39 626.31 630.70 ERROR
r-patched-solaris-x86 0.1.9 238.70 OK
r-release-linux-x86_64 0.1.9 4.48 626.47 630.95 ERROR
r-release-macos-x86_64 0.1.9 OK
r-release-windows-ix86+x86_64 0.1.9 12.00 155.00 167.00 OK
r-oldrel-macos-x86_64 0.1.9 OK
r-oldrel-windows-ix86+x86_64 0.1.9 7.00 199.00 206.00 OK

Check Details

Version: 0.1.9
Check: tests
Result: ERROR
     Running 'testthat.R' [10m/11m]
    Running the tests in 'tests/testthat.R' failed.
    Complete output:
     > library(testthat)
     > library(matrixTests)
     >
     > test_check("matrixTests")
     Killed
Flavors: r-devel-linux-x86_64-debian-clang, r-patched-linux-x86_64, r-release-linux-x86_64