CRAN Package Check Results for Package matrixStats

Last updated on 2020-09-29 15:47:38 CEST.

Flavor Version Tinstall Tcheck Ttotal Status Flags
r-devel-linux-x86_64-debian-clang 0.57.0 170.31 195.19 365.50 OK
r-devel-linux-x86_64-debian-gcc 0.57.0 121.16 147.07 268.23 OK
r-devel-linux-x86_64-fedora-clang 0.57.0 486.91 NOTE
r-devel-linux-x86_64-fedora-gcc 0.57.0 459.85 OK
r-devel-windows-ix86+x86_64 0.57.0 410.00 413.00 823.00 NOTE
r-patched-linux-x86_64 0.57.0 142.64 187.40 330.04 OK
r-patched-solaris-x86 0.57.0 860.30 NOTE
r-release-linux-x86_64 0.57.0 143.63 183.21 326.84 OK
r-release-macos-x86_64 0.57.0 NOTE
r-release-windows-ix86+x86_64 0.56.0 394.00 440.00 834.00 NOTE
r-oldrel-macos-x86_64 0.57.0 NOTE
r-oldrel-windows-ix86+x86_64 0.57.0 312.00 302.00 614.00 NOTE

Check Details

Version: 0.57.0
Check: installed package size
Result: NOTE
     installed size is 10.6Mb
     sub-directories of 1Mb or more:
     libs 9.8Mb
Flavors: r-devel-linux-x86_64-fedora-clang, r-devel-windows-ix86+x86_64, r-patched-solaris-x86, r-release-macos-x86_64, r-oldrel-macos-x86_64, r-oldrel-windows-ix86+x86_64

Version: 0.56.0
Check: installed package size
Result: NOTE
     installed size is 5.3Mb
     sub-directories of 1Mb or more:
     libs 4.6Mb
Flavor: r-release-windows-ix86+x86_64