CRAN Package Check Results for Package matlib

Last updated on 2022-12-02 04:00:13 CET.

Flavor Version Tinstall Tcheck Ttotal Status Flags
r-devel-linux-x86_64-debian-clang 0.9.5 8.27 95.39 103.66 OK
r-devel-linux-x86_64-debian-gcc 0.9.5 5.51 71.57 77.08 OK
r-devel-linux-x86_64-fedora-clang 0.9.5 142.86 OK
r-devel-linux-x86_64-fedora-gcc 0.9.5 131.33 OK
r-devel-windows-x86_64 0.9.5 51.00 149.00 200.00 OK
r-patched-linux-x86_64 0.9.5 7.07 86.80 93.87 OK
r-release-linux-x86_64 0.9.5 8.49 75.47 83.96 OK
r-release-macos-arm64 0.9.5 43.00 NOTE
r-release-macos-x86_64 0.9.5 63.00 NOTE
r-release-windows-x86_64 0.9.5 54.00 160.00 214.00 OK
r-oldrel-macos-arm64 0.9.5 51.00 NOTE
r-oldrel-macos-x86_64 0.9.5 69.00 NOTE
r-oldrel-windows-ix86+x86_64 0.9.5 17.00 121.00 138.00 OK

Check Details

Version: 0.9.5
Check: package dependencies
Result: NOTE
    Package suggested but not available for checking: ‘webshot2’
Flavors: r-release-macos-arm64, r-release-macos-x86_64, r-oldrel-macos-arm64, r-oldrel-macos-x86_64