CRAN Package Check Results for Package match2C

Last updated on 2022-10-07 03:55:58 CEST.

Flavor Version Tinstall Tcheck Ttotal Status Flags
r-devel-linux-x86_64-debian-clang 1.2.3 21.95 512.68 534.63 OK
r-devel-linux-x86_64-debian-gcc 1.2.3 16.66 352.80 369.46 NOTE
r-devel-linux-x86_64-fedora-clang 1.2.3 632.24 OK
r-devel-linux-x86_64-fedora-gcc 1.2.3 619.51 OK
r-devel-windows-x86_64 1.2.3 36.00 546.00 582.00 OK
r-patched-linux-x86_64 1.2.3 20.19 474.02 494.21 OK
r-release-linux-x86_64 1.2.3 17.14 480.35 497.49 OK
r-release-macos-arm64 1.2.3 212.00 OK
r-release-macos-x86_64 1.2.3 352.00 OK
r-release-windows-x86_64 1.2.3 33.00 556.00 589.00 OK
r-oldrel-macos-arm64 1.2.3 187.00 OK
r-oldrel-macos-x86_64 1.2.3 257.00 OK
r-oldrel-windows-ix86+x86_64 1.2.3 57.00 599.00 656.00 OK

Check Details

Version: 1.2.3
Check: compilation flags used
Result: NOTE
    Compilation used the following non-portable flag(s):
     ‘-Wstrict-prototypes’
Flavor: r-devel-linux-x86_64-debian-gcc