CRAN Package Check Results for Package mason

Last updated on 2022-08-15 03:52:51 CEST.

Flavor Version Tinstall Tcheck Ttotal Status Flags
r-devel-linux-x86_64-debian-clang 0.3.0 4.22 59.70 63.92 NOTE
r-devel-linux-x86_64-debian-gcc 0.3.0 3.49 44.64 48.13 NOTE
r-devel-linux-x86_64-fedora-clang 0.3.0 86.71 NOTE
r-devel-linux-x86_64-fedora-gcc 0.3.0 83.56 NOTE
r-devel-windows-x86_64 0.3.0 13.00 85.00 98.00 NOTE
r-patched-linux-x86_64 0.3.0 4.42 56.43 60.85 NOTE
r-release-linux-x86_64 0.3.0 3.14 54.46 57.60 NOTE
r-release-macos-arm64 0.3.0 27.00 NOTE
r-release-macos-x86_64 0.3.0 45.00 NOTE
r-release-windows-x86_64 0.3.0 15.00 82.00 97.00 NOTE
r-oldrel-macos-arm64 0.3.0 27.00 NOTE
r-oldrel-macos-x86_64 0.3.0 40.00 NOTE
r-oldrel-windows-ix86+x86_64 0.3.0 15.00 76.00 91.00 NOTE

Check Details

Version: 0.3.0
Check: LazyData
Result: NOTE
     'LazyData' is specified without a 'data' directory
Flavors: r-devel-linux-x86_64-debian-clang, r-devel-linux-x86_64-debian-gcc, r-devel-linux-x86_64-fedora-clang, r-devel-linux-x86_64-fedora-gcc, r-devel-windows-x86_64, r-patched-linux-x86_64, r-release-linux-x86_64, r-release-macos-arm64, r-release-macos-x86_64, r-release-windows-x86_64, r-oldrel-macos-arm64, r-oldrel-macos-x86_64, r-oldrel-windows-ix86+x86_64