CRAN Package Check Results for Package mashr

Last updated on 2022-01-19 04:48:28 CET.

Flavor Version Tinstall Tcheck Ttotal Status Flags
r-devel-linux-x86_64-debian-clang 0.2.50 70.30 288.21 358.51 NOTE
r-devel-linux-x86_64-debian-gcc 0.2.50 49.04 223.49 272.53 NOTE
r-devel-linux-x86_64-fedora-clang 0.2.50 439.58 NOTE
r-devel-linux-x86_64-fedora-gcc 0.2.50 409.81 NOTE
r-devel-windows-x86_64-new-UL 0.2.50 135.00 349.00 484.00 NOTE
r-devel-windows-x86_64-new-TK 0.2.50 NOTE
r-patched-linux-x86_64 0.2.50 55.09 291.75 346.84 NOTE
r-release-linux-x86_64 0.2.50 NOTE
r-release-macos-arm64 0.2.50 NOTE
r-release-macos-x86_64 0.2.50 NOTE
r-release-windows-ix86+x86_64 0.2.50 149.00 468.00 617.00 NOTE
r-oldrel-macos-x86_64 0.2.50 NOTE
r-oldrel-windows-ix86+x86_64 0.2.50 150.00 479.00 629.00 NOTE

Check Details

Version: 0.2.50
Check: package dependencies
Result: NOTE
    Package suggested but not available for checking: 'flashr'
Flavors: r-devel-linux-x86_64-debian-clang, r-devel-linux-x86_64-debian-gcc, r-devel-linux-x86_64-fedora-clang, r-devel-linux-x86_64-fedora-gcc, r-devel-windows-x86_64-new-UL, r-devel-windows-x86_64-new-TK, r-patched-linux-x86_64, r-release-linux-x86_64, r-release-macos-arm64, r-release-macos-x86_64, r-release-windows-ix86+x86_64, r-oldrel-macos-x86_64, r-oldrel-windows-ix86+x86_64

Version: 0.2.50
Check: installed package size
Result: NOTE
     installed size is 5.4Mb
     sub-directories of 1Mb or more:
     libs 4.5Mb
Flavors: r-devel-linux-x86_64-fedora-clang, r-release-macos-arm64, r-release-macos-x86_64, r-oldrel-macos-x86_64