CRAN Package Check Results for Package mase

Last updated on 2020-09-22 16:02:32 CEST.

Flavor Version Tinstall Tcheck Ttotal Status Flags
r-devel-linux-x86_64-debian-clang 0.1.2 11.36 86.37 97.73 OK
r-devel-linux-x86_64-debian-gcc 0.1.2 9.47 67.48 76.95 OK
r-devel-linux-x86_64-fedora-clang 0.1.2 129.96 WARN
r-devel-linux-x86_64-fedora-gcc 0.1.2 118.68 OK
r-devel-windows-ix86+x86_64 0.1.2 25.00 92.00 117.00 OK
r-patched-linux-x86_64 0.1.2 10.81 83.06 93.87 OK
r-patched-solaris-x86 0.1.2 167.90 OK
r-release-linux-x86_64 0.1.2 9.27 83.45 92.72 OK
r-release-macos-x86_64 0.1.2 OK
r-release-windows-ix86+x86_64 0.1.2 24.00 90.00 114.00 OK
r-oldrel-macos-x86_64 0.1.2 OK
r-oldrel-windows-ix86+x86_64 0.1.2 16.00 106.00 122.00 OK

Check Details

Version: 0.1.2
Check: package dependencies
Result: WARN
    Requires (indirectly) orphaned package: ‘bibtex’
Flavor: r-devel-linux-x86_64-fedora-clang