CRAN Package Check Results for Package marked

Last updated on 2022-06-29 15:49:57 CEST.

Flavor Version Tinstall Tcheck Ttotal Status Flags
r-devel-linux-x86_64-debian-clang 1.2.6 34.94 221.49 256.43 OK
r-devel-linux-x86_64-debian-gcc 1.2.6 27.95 166.13 194.08 OK
r-devel-linux-x86_64-fedora-clang 1.2.6 319.53 NOTE
r-devel-linux-x86_64-fedora-gcc 1.2.6 315.82 NOTE
r-devel-windows-x86_64 1.2.6 74.00 263.00 337.00 OK
r-patched-linux-x86_64 1.2.6 36.12 212.35 248.47 OK
r-release-linux-x86_64 1.2.6 29.53 212.98 242.51 OK
r-release-macos-arm64 1.2.6 93.00 NOTE
r-release-macos-x86_64 1.2.6 153.00 NOTE
r-release-windows-x86_64 1.2.6 71.00 261.00 332.00 OK
r-oldrel-macos-arm64 1.2.6 114.00 NOTE
r-oldrel-macos-x86_64 1.2.6 139.00 NOTE
r-oldrel-windows-ix86+x86_64 1.2.6 85.00 296.00 381.00 OK

Check Details

Version: 1.2.6
Check: dependencies in R code
Result: NOTE
    Namespaces in Imports field not imported from:
     ‘bookdown’ ‘kableExtra’ ‘knitr’
     All declared Imports should be used.
Flavors: r-devel-linux-x86_64-fedora-clang, r-devel-linux-x86_64-fedora-gcc, r-release-macos-arm64, r-release-macos-x86_64, r-oldrel-macos-arm64, r-oldrel-macos-x86_64