CRAN Package Check Results for Package marginalizedRisk

Last updated on 2022-07-06 15:49:03 CEST.

Flavor Version Tinstall Tcheck Ttotal Status Flags
r-devel-linux-x86_64-debian-clang 2021.2-4 2.18 33.51 35.69 NOTE
r-devel-linux-x86_64-debian-gcc 2021.2-4 1.37 26.31 27.68 NOTE
r-devel-linux-x86_64-fedora-clang 2021.2-4 54.14 NOTE
r-devel-linux-x86_64-fedora-gcc 2021.2-4 53.51 NOTE
r-devel-windows-x86_64 2021.2-4 13.00 65.00 78.00 NOTE
r-patched-linux-x86_64 2021.2-4 2.26 33.79 36.05 NOTE
r-release-linux-x86_64 2021.2-4 2.01 32.84 34.85 NOTE
r-release-macos-arm64 2021.2-4 21.00 NOTE
r-release-macos-x86_64 2021.2-4 26.00 NOTE
r-release-windows-x86_64 2021.2-4 52.00 64.00 116.00 NOTE
r-oldrel-macos-arm64 2021.2-4 22.00 NOTE
r-oldrel-macos-x86_64 2021.2-4 35.00 NOTE
r-oldrel-windows-ix86+x86_64 2021.2-4 5.00 53.00 58.00 NOTE

Check Details

Version: 2021.2-4
Check: LazyData
Result: NOTE
     'LazyData' is specified without a 'data' directory
Flavors: r-devel-linux-x86_64-debian-clang, r-devel-linux-x86_64-debian-gcc, r-devel-linux-x86_64-fedora-clang, r-devel-linux-x86_64-fedora-gcc, r-devel-windows-x86_64, r-patched-linux-x86_64, r-release-linux-x86_64, r-release-macos-arm64, r-release-macos-x86_64, r-release-windows-x86_64, r-oldrel-macos-arm64, r-oldrel-macos-x86_64, r-oldrel-windows-ix86+x86_64