Last updated on 2023-01-29 03:55:18 CET.
Flavor | Version | Tinstall | Tcheck | Ttotal | Status | Flags |
---|---|---|---|---|---|---|
r-devel-linux-x86_64-debian-clang | 0.0-2 | 11.18 | 143.58 | 154.76 | OK | |
r-devel-linux-x86_64-debian-gcc | 0.0-2 | 9.47 | 107.94 | 117.41 | OK | |
r-devel-linux-x86_64-fedora-clang | 0.0-2 | 198.35 | OK | |||
r-devel-linux-x86_64-fedora-gcc | 0.0-2 | 212.67 | OK | |||
r-devel-windows-x86_64 | 0.0-2 | 21.00 | 145.00 | 166.00 | WARN | |
r-patched-linux-x86_64 | 0.0-2 | 10.51 | 131.97 | 142.48 | OK | |
r-release-linux-x86_64 | 0.0-2 | 12.56 | 135.59 | 148.15 | OK | |
r-release-macos-arm64 | 0.0-2 | 63.00 | OK | |||
r-release-macos-x86_64 | 0.0-2 | 91.00 | OK | |||
r-release-windows-x86_64 | 0.0-2 | 23.00 | 169.00 | 192.00 | OK | |
r-oldrel-macos-arm64 | 0.0-2 | 60.00 | OK | |||
r-oldrel-macos-x86_64 | 0.0-2 | 112.00 | OK | |||
r-oldrel-windows-ix86+x86_64 | 0.0-2 | 24.00 | 169.00 | 193.00 | OK |
Version: 0.0-2
Check: loading without being on the library search path
Result: WARN
Error: package or namespace load failed for 'marcher' in inDL(x, as.logical(local), as.logical(now), ...):
unable to load shared object 'D:/RCompile/CRANpkg/lib/4.3/mvtnorm/libs/x64/mvtnorm.dll':
LoadLibrary failure: Die Auslagerungsdatei ist zu klein, um diesen Vorgang durchzuführen.
Execution halted
It looks like this package has a loading problem when not on .libPaths:
see the messages for details.
Flavor: r-devel-windows-x86_64