CRAN Package Check Results for Package maptree

Last updated on 2024-07-24 15:51:40 CEST.

Flavor Version Tinstall Tcheck Ttotal Status Flags
r-devel-linux-x86_64-debian-clang 1.4-8 3.28 32.65 35.93 OK
r-devel-linux-x86_64-debian-gcc 1.4-8 2.26 24.25 26.51 NOTE
r-devel-linux-x86_64-fedora-clang 1.4-8 44.47 OK
r-devel-linux-x86_64-fedora-gcc 1.4-8 42.32 OK
r-devel-windows-x86_64 1.4-8 3.00 49.00 52.00 NOTE
r-patched-linux-x86_64 1.4-8 3.62 31.70 35.32 OK
r-release-linux-x86_64 1.4-8 3.23 31.62 34.85 OK
r-release-macos-arm64 1.4-8 18.00 OK
r-release-macos-x86_64 1.4-8 25.00 OK
r-release-windows-x86_64 1.4-8 4.00 49.00 53.00 OK
r-oldrel-macos-arm64 1.4-8 18.00 OK
r-oldrel-macos-x86_64 1.4-8 24.00 OK
r-oldrel-windows-x86_64 1.4-8 3.00 51.00 54.00 OK

Check Details

Version: 1.4-8
Check: Rd cross-references
Result: NOTE Found the following Rd file(s) with Rd \link{} targets missing package anchors: clip.rpart.Rd: rpart, prune.rpart draw.clust.Rd: pltree Please provide package anchors for all Rd \link{} targets not in the package itself and the base packages. Flavors: r-devel-linux-x86_64-debian-gcc, r-devel-windows-x86_64