CRAN Package Check Results for Package mapscanner

Last updated on 2022-06-30 03:53:27 CEST.

Flavor Version Tinstall Tcheck Ttotal Status Flags
r-devel-linux-x86_64-debian-clang 0.0.6 51.49 77.40 128.89 OK
r-devel-linux-x86_64-debian-gcc 0.0.6 36.49 58.26 94.75 OK
r-devel-linux-x86_64-fedora-clang 0.0.6 174.67 NOTE
r-devel-linux-x86_64-fedora-gcc 0.0.6 159.70 OK
r-devel-windows-x86_64 0.0.6 75.00 124.00 199.00 OK
r-patched-linux-x86_64 0.0.6 40.24 73.42 113.66 OK
r-release-linux-x86_64 0.0.6 38.39 73.97 112.36 OK
r-release-macos-arm64 0.0.6 42.00 NOTE
r-release-macos-x86_64 0.0.6 62.00 NOTE
r-release-windows-x86_64 0.0.6 56.00 125.00 181.00 OK
r-oldrel-macos-arm64 0.0.6 61.00 NOTE
r-oldrel-macos-x86_64 0.0.6 62.00 NOTE
r-oldrel-windows-ix86+x86_64 0.0.6 116.00 149.00 265.00 NOTE

Check Details

Version: 0.0.6
Check: installed package size
Result: NOTE
     installed size is 5.0Mb
     sub-directories of 1Mb or more:
     doc 2.8Mb
     libs 1.5Mb
Flavors: r-devel-linux-x86_64-fedora-clang, r-release-macos-arm64, r-release-macos-x86_64, r-oldrel-macos-arm64, r-oldrel-macos-x86_64, r-oldrel-windows-ix86+x86_64