CRAN Package Check Results for Package maps

Last updated on 2022-06-25 15:51:25 CEST.

Flavor Version Tinstall Tcheck Ttotal Status Flags
r-devel-linux-x86_64-debian-clang 3.4.0 8.57 39.89 48.46 NOTE
r-devel-linux-x86_64-debian-gcc 3.4.0 6.14 31.09 37.23 NOTE
r-devel-linux-x86_64-fedora-clang 3.4.0 69.85 NOTE
r-devel-linux-x86_64-fedora-gcc 3.4.0 68.66 NOTE
r-devel-windows-x86_64 3.4.0 56.00 69.00 125.00 NOTE
r-patched-linux-x86_64 3.4.0 8.78 37.98 46.76 OK
r-release-linux-x86_64 3.4.0 8.22 38.41 46.63 OK
r-release-macos-arm64 3.4.0 27.00 OK
r-release-macos-x86_64 3.4.0 37.00 OK
r-release-windows-x86_64 3.4.0 53.00 64.00 117.00 OK
r-oldrel-macos-arm64 3.4.0 27.00 OK
r-oldrel-macos-x86_64 3.4.0 51.00 OK
r-oldrel-windows-ix86+x86_64 3.4.0 34.00 71.00 105.00 OK

Check Details

Version: 3.4.0
Check: Rd files
Result: NOTE
    checkRd: (-1) county.Rd:33: Escaped LaTeX specials: \&
    checkRd: (-1) county.Rd:37: Escaped LaTeX specials: \&
    checkRd: (-1) france.Rd:47: Escaped LaTeX specials: \&
    checkRd: (-1) france.Rd:51: Escaped LaTeX specials: \&
    checkRd: (-1) italy.Rd:39: Escaped LaTeX specials: \&
    checkRd: (-1) italy.Rd:43: Escaped LaTeX specials: \&
    checkRd: (-1) match.map.Rd:56: Escaped LaTeX specials: \&
    checkRd: (-1) nz.Rd:33: Escaped LaTeX specials: \&
    checkRd: (-1) nz.Rd:37: Escaped LaTeX specials: \&
    checkRd: (-1) state.Rd:32: Escaped LaTeX specials: \&
    checkRd: (-1) state.Rd:36: Escaped LaTeX specials: \&
    checkRd: (-1) state.carto.Rd:40: Escaped LaTeX specials: \&
    checkRd: (-1) state.carto.Rd:44: Escaped LaTeX specials: \&
    checkRd: (-1) state.vbm.Rd:41: Escaped LaTeX specials: \&
    checkRd: (-1) state.vbm.Rd:45: Escaped LaTeX specials: \&
    checkRd: (-1) usa.Rd:32: Escaped LaTeX specials: \&
    checkRd: (-1) usa.Rd:36: Escaped LaTeX specials: \&
    checkRd: (-1) world.Rd:41: Escaped LaTeX specials: \&
    checkRd: (-1) world.Rd:45: Escaped LaTeX specials: \&
    checkRd: (-1) world2.Rd:50: Escaped LaTeX specials: \&
    checkRd: (-1) world2.Rd:54: Escaped LaTeX specials: \&
Flavors: r-devel-linux-x86_64-debian-clang, r-devel-linux-x86_64-debian-gcc, r-devel-linux-x86_64-fedora-clang, r-devel-linux-x86_64-fedora-gcc, r-devel-windows-x86_64

Version: 3.4.0
Check: Rd cross-references
Result: NOTE
    Undeclared package ‘rgdal’ in Rd xrefs
Flavor: r-devel-linux-x86_64-fedora-clang