CRAN Package Check Results for Package maps

Last updated on 2020-09-26 15:46:43 CEST.

Flavor Version Tinstall Tcheck Ttotal Status Flags
r-devel-linux-x86_64-debian-clang 3.3.0 9.15 36.87 46.02 OK
r-devel-linux-x86_64-debian-gcc 3.3.0 6.62 29.24 35.86 OK
r-devel-linux-x86_64-fedora-clang 3.3.0 64.85 OK
r-devel-linux-x86_64-fedora-gcc 3.3.0 55.15 OK
r-devel-windows-ix86+x86_64 3.3.0 34.00 71.00 105.00 OK
r-patched-linux-x86_64 3.3.0 7.84 35.48 43.32 OK
r-patched-solaris-x86 3.3.0 81.50 NOTE
r-release-linux-x86_64 3.3.0 7.24 35.47 42.71 OK
r-release-macos-x86_64 3.3.0 OK
r-release-windows-ix86+x86_64 3.3.0 29.00 68.00 97.00 OK
r-oldrel-macos-x86_64 3.3.0 OK
r-oldrel-windows-ix86+x86_64 3.3.0 56.00 104.00 160.00 OK

Check Details

Version: 3.3.0
Check: installed package size
Result: NOTE
     installed size is 5.3Mb
     sub-directories of 1Mb or more:
     mapdata 4.2Mb
Flavor: r-patched-solaris-x86