Last updated on 2023-06-03 15:55:29 CEST.
Flavor | Version | Tinstall | Tcheck | Ttotal | Status | Flags |
---|---|---|---|---|---|---|
r-devel-linux-x86_64-debian-clang | 0.3.3 | 165.46 | 421.77 | 587.23 | NOTE | |
r-devel-linux-x86_64-debian-gcc | 0.3.3 | 131.45 | 304.72 | 436.17 | NOTE | |
r-devel-linux-x86_64-fedora-clang | 0.3.3 | 831.26 | NOTE | |||
r-devel-linux-x86_64-fedora-gcc | 0.3.3 | 805.05 | NOTE | |||
r-devel-windows-x86_64 | 0.3.3 | 149.00 | 357.00 | 506.00 | NOTE | |
r-patched-linux-x86_64 | 0.3.3 | NOTE | ||||
r-release-linux-x86_64 | 0.3.3 | 151.45 | 397.06 | 548.51 | NOTE | |
r-release-macos-arm64 | 0.3.3 | 236.00 | NOTE | |||
r-release-macos-x86_64 | 0.3.3 | 285.00 | NOTE | |||
r-release-windows-x86_64 | 0.3.3 | 151.00 | 437.00 | 588.00 | NOTE | |
r-oldrel-macos-arm64 | 0.3.3 | 165.00 | NOTE | |||
r-oldrel-macos-x86_64 | 0.3.3 | 395.00 | NOTE | |||
r-oldrel-windows-x86_64 | 0.3.3 | 159.00 | 388.00 | 547.00 | NOTE |
Version: 0.3.3
Check: C++ specification
Result: NOTE
Specified C++11: please drop specification unless essential
Flavors: r-devel-linux-x86_64-debian-clang, r-devel-linux-x86_64-debian-gcc, r-devel-linux-x86_64-fedora-clang, r-devel-linux-x86_64-fedora-gcc, r-devel-windows-x86_64, r-patched-linux-x86_64, r-release-linux-x86_64, r-release-macos-arm64, r-release-macos-x86_64, r-release-windows-x86_64
Version: 0.3.3
Check: installed package size
Result: NOTE
installed size is 7.5Mb
sub-directories of 1Mb or more:
R 2.7Mb
data 2.4Mb
Flavors: r-devel-linux-x86_64-fedora-clang, r-devel-windows-x86_64, r-release-macos-arm64, r-release-macos-x86_64, r-release-windows-x86_64, r-oldrel-macos-arm64, r-oldrel-macos-x86_64, r-oldrel-windows-x86_64