CRAN Package Check Results for Package mapping

Last updated on 2022-08-16 15:50:19 CEST.

Flavor Version Tinstall Tcheck Ttotal Status Flags
r-devel-linux-x86_64-debian-clang 1.3 48.00 531.69 579.69 OK
r-devel-linux-x86_64-debian-gcc 1.3 42.72 395.16 437.88 OK
r-devel-linux-x86_64-fedora-clang 1.3 696.06 NOTE
r-devel-linux-x86_64-fedora-gcc 1.3 709.76 NOTE
r-devel-windows-x86_64 1.3 72.00 680.00 752.00 OK
r-patched-linux-x86_64 1.3 51.55 520.52 572.07 OK
r-release-linux-x86_64 1.3 44.24 520.47 564.71 OK
r-release-macos-arm64 1.3 193.00 NOTE
r-release-macos-x86_64 1.3 309.00 NOTE
r-release-windows-x86_64 1.3 82.00 637.00 719.00 OK
r-oldrel-macos-arm64 1.3 210.00 NOTE
r-oldrel-macos-x86_64 1.3 186.00 NOTE
r-oldrel-windows-ix86+x86_64 1.3 115.00 691.00 806.00 OK

Check Details

Version: 1.3
Check: data for non-ASCII characters
Result: NOTE
     Note: found 29618 marked UTF-8 strings
Flavors: r-devel-linux-x86_64-fedora-clang, r-devel-linux-x86_64-fedora-gcc, r-release-macos-arm64, r-release-macos-x86_64, r-oldrel-macos-arm64, r-oldrel-macos-x86_64