CRAN Package Check Results for Package mapdata

Last updated on 2020-09-28 15:47:45 CEST.

Flavor Version Tinstall Tcheck Ttotal Status Flags
r-devel-linux-x86_64-debian-clang 2.3.0 16.31 22.39 38.70 OK
r-devel-linux-x86_64-debian-gcc 2.3.0 12.09 17.77 29.86 OK
r-devel-linux-x86_64-fedora-clang 2.3.0 56.19 NOTE
r-devel-linux-x86_64-fedora-gcc 2.3.0 46.53 OK
r-devel-windows-ix86+x86_64 2.3.0 75.00 37.00 112.00 NOTE
r-patched-linux-x86_64 2.3.0 16.61 21.98 38.59 OK
r-patched-solaris-x86 2.3.0 71.00 NOTE
r-release-linux-x86_64 2.3.0 15.69 21.92 37.61 OK
r-release-macos-x86_64 2.3.0 NOTE
r-release-windows-ix86+x86_64 2.3.0 74.00 38.00 112.00 NOTE
r-oldrel-macos-x86_64 2.3.0 NOTE
r-oldrel-windows-ix86+x86_64 2.3.0 77.00 41.00 118.00 NOTE

Check Details

Version: 2.3.0
Check: installed package size
Result: NOTE
     installed size is 33.5Mb
     sub-directories of 1Mb or more:
     mapdata 33.4Mb
Flavors: r-devel-linux-x86_64-fedora-clang, r-devel-windows-ix86+x86_64, r-patched-solaris-x86, r-release-macos-x86_64, r-release-windows-ix86+x86_64, r-oldrel-macos-x86_64, r-oldrel-windows-ix86+x86_64