Last updated on 2022-06-27 15:53:47 CEST.
Flavor | Version | Tinstall | Tcheck | Ttotal | Status | Flags |
---|---|---|---|---|---|---|
r-devel-linux-x86_64-debian-clang | 0.6.1 | 8.96 | 179.37 | 188.33 | OK | |
r-devel-linux-x86_64-debian-gcc | 0.6.1 | 7.31 | 136.25 | 143.56 | OK | |
r-devel-linux-x86_64-fedora-clang | 0.6.1 | 231.22 | NOTE | |||
r-devel-linux-x86_64-fedora-gcc | 0.6.1 | 230.50 | NOTE | |||
r-devel-windows-x86_64 | 0.6.1 | 46.00 | 190.00 | 236.00 | OK | |
r-patched-linux-x86_64 | 0.6.1 | 8.35 | 175.57 | 183.92 | OK | |
r-release-linux-x86_64 | 0.6.1 | 7.52 | 170.07 | 177.59 | OK | |
r-release-macos-arm64 | 0.6.1 | 59.00 | NOTE | |||
r-release-macos-x86_64 | 0.6.1 | 103.00 | NOTE | |||
r-release-windows-x86_64 | 0.6.1 | 48.00 | 182.00 | 230.00 | OK | |
r-oldrel-macos-arm64 | 0.6.1 | 65.00 | NOTE | |||
r-oldrel-macos-x86_64 | 0.6.1 | 80.00 | NOTE | |||
r-oldrel-windows-ix86+x86_64 | 0.6.1 | 22.00 | 186.00 | 208.00 | OK |
Version: 0.6.1
Check: data for non-ASCII characters
Result: NOTE
Note: found 13062 marked UTF-8 strings
Flavors: r-devel-linux-x86_64-fedora-clang, r-devel-linux-x86_64-fedora-gcc, r-release-macos-arm64, r-release-macos-x86_64, r-oldrel-macos-arm64, r-oldrel-macos-x86_64