CRAN Package Check Results for Package manifestoR

Last updated on 2022-06-25 03:51:02 CEST.

Flavor Version Tinstall Tcheck Ttotal Status Flags
r-devel-linux-x86_64-debian-clang 1.5.0 10.84 80.79 91.63 NOTE
r-devel-linux-x86_64-debian-gcc 1.5.0 7.88 59.91 67.79 NOTE
r-devel-linux-x86_64-fedora-clang 1.5.0 119.26 NOTE
r-devel-linux-x86_64-fedora-gcc 1.5.0 116.67 NOTE
r-devel-windows-x86_64 1.5.0 86.00 113.00 199.00 NOTE
r-patched-linux-x86_64 1.5.0 17.60 76.95 94.55 NOTE
r-release-linux-x86_64 1.5.0 8.86 74.72 83.58 NOTE
r-release-macos-arm64 1.5.0 29.00 NOTE
r-release-macos-x86_64 1.5.0 60.00 NOTE
r-release-windows-x86_64 1.5.0 117.00 105.00 222.00 NOTE
r-oldrel-macos-arm64 1.5.0 35.00 NOTE
r-oldrel-macos-x86_64 1.5.0 49.00 NOTE
r-oldrel-windows-ix86+x86_64 1.5.0 26.00 100.00 126.00 NOTE

Check Details

Version: 1.5.0
Check: LazyData
Result: NOTE
     'LazyData' is specified without a 'data' directory
Flavors: r-devel-linux-x86_64-debian-clang, r-devel-linux-x86_64-debian-gcc, r-devel-linux-x86_64-fedora-clang, r-devel-linux-x86_64-fedora-gcc, r-devel-windows-x86_64, r-patched-linux-x86_64, r-release-linux-x86_64, r-release-macos-arm64, r-release-macos-x86_64, r-release-windows-x86_64, r-oldrel-macos-arm64, r-oldrel-macos-x86_64, r-oldrel-windows-ix86+x86_64