CRAN Package Check Results for Package manhplot

Last updated on 2020-09-22 03:49:29 CEST.

Flavor Version Tinstall Tcheck Ttotal Status Flags
r-devel-linux-x86_64-debian-clang 1.1 5.48 65.12 70.60 OK
r-devel-linux-x86_64-debian-gcc 1.1 0.56 1.87 2.43 ERROR
r-devel-linux-x86_64-fedora-clang 1.1 90.48 OK
r-devel-linux-x86_64-fedora-gcc 1.1 85.51 OK
r-devel-windows-ix86+x86_64 1.1 14.00 72.00 86.00 OK
r-patched-linux-x86_64 1.1 5.34 62.07 67.41 OK
r-patched-solaris-x86 1.1 114.20 OK
r-release-linux-x86_64 1.1 5.34 63.04 68.38 OK
r-release-macos-x86_64 1.1 OK
r-release-windows-ix86+x86_64 1.1 14.00 74.00 88.00 OK
r-oldrel-macos-x86_64 1.1 OK
r-oldrel-windows-ix86+x86_64 1.1 8.00 85.00 93.00 OK

Check Details

Version: 1.1
Check: whether package can be installed
Result: ERROR
    Installation failed.
Flavor: r-devel-linux-x86_64-debian-gcc