CRAN Package Check Results for Package mangoTraining

Last updated on 2021-03-02 03:53:57 CET.

Flavor Version Tinstall Tcheck Ttotal Status Flags
r-devel-linux-x86_64-debian-clang 1.1 OK
r-devel-linux-x86_64-debian-gcc 1.1 4.13 21.27 25.40 OK
r-devel-linux-x86_64-fedora-clang 1.1 48.54 NOTE
r-devel-linux-x86_64-fedora-gcc 1.1 38.51 NOTE
r-devel-windows-ix86+x86_64 1.1 8.00 35.00 43.00 OK
r-patched-linux-x86_64 1.1 4.76 26.00 30.76 OK
r-patched-solaris-x86 1.1 56.80 NOTE
r-release-linux-x86_64 1.1 4.66 26.19 30.85 OK
r-release-macos-x86_64 1.1 NOTE
r-release-windows-ix86+x86_64 1.1 8.00 47.00 55.00 OK
r-oldrel-macos-x86_64 1.1 NOTE
r-oldrel-windows-ix86+x86_64 1.1 6.00 41.00 47.00 OK

Check Details

Version: 1.1
Check: dependencies in R code
Result: NOTE
    Namespace in Imports field not imported from: ‘tibble’
     All declared Imports should be used.
Flavors: r-devel-linux-x86_64-fedora-clang, r-devel-linux-x86_64-fedora-gcc, r-patched-solaris-x86, r-release-macos-x86_64, r-oldrel-macos-x86_64

Version: 1.1
Check: data for non-ASCII characters
Result: NOTE
     Note: found 328 marked UTF-8 strings
Flavors: r-devel-linux-x86_64-fedora-clang, r-devel-linux-x86_64-fedora-gcc, r-patched-solaris-x86, r-release-macos-x86_64, r-oldrel-macos-x86_64