CRAN Package Check Results for Package makemyprior

Last updated on 2022-08-15 03:52:51 CEST.

Flavor Version Tinstall Tcheck Ttotal Status Flags
r-devel-linux-x86_64-debian-clang 1.1.0 19.85 178.87 198.72 NOTE
r-devel-linux-x86_64-debian-gcc 1.1.0 14.92 130.86 145.78 NOTE
r-devel-linux-x86_64-fedora-clang 1.1.0 233.54 OK
r-devel-linux-x86_64-fedora-gcc 1.1.0 232.44 OK
r-devel-windows-x86_64 1.1.0 98.00 207.00 305.00 NOTE
r-patched-linux-x86_64 1.1.0 17.99 167.46 185.45 NOTE
r-release-linux-x86_64 1.1.0 18.64 165.65 184.29 NOTE
r-release-macos-arm64 1.1.0 79.00 NOTE
r-release-macos-x86_64 1.1.0 130.00 NOTE
r-release-windows-x86_64 1.1.0 98.00 217.00 315.00 NOTE
r-oldrel-macos-arm64 1.1.0 77.00 NOTE
r-oldrel-macos-x86_64 1.1.0 124.00 NOTE
r-oldrel-windows-ix86+x86_64 1.1.0 40.00 204.00 244.00 OK

Check Details

Version: 1.1.0
Check: package dependencies
Result: NOTE
    Package suggested but not available for checking: 'INLA'
Flavors: r-devel-linux-x86_64-debian-clang, r-devel-linux-x86_64-debian-gcc, r-devel-windows-x86_64, r-patched-linux-x86_64, r-release-linux-x86_64, r-release-macos-arm64, r-release-macos-x86_64, r-release-windows-x86_64, r-oldrel-macos-arm64, r-oldrel-macos-x86_64

Version: 1.1.0
Check: Rd cross-references
Result: NOTE
    Package unavailable to check Rd xrefs: 'INLA'
Flavors: r-devel-linux-x86_64-debian-clang, r-devel-linux-x86_64-debian-gcc, r-devel-windows-x86_64, r-patched-linux-x86_64, r-release-linux-x86_64, r-release-macos-arm64, r-release-macos-x86_64, r-release-windows-x86_64, r-oldrel-macos-arm64, r-oldrel-macos-x86_64