CRAN Package Check Results for Package magicaxis

Last updated on 2021-09-19 03:51:13 CEST.

Flavor Version Tinstall Tcheck Ttotal Status Flags
r-devel-linux-x86_64-debian-clang 2.2.1 9.22 66.55 75.77 OK
r-devel-linux-x86_64-debian-gcc 2.2.1 6.33 49.51 55.84 OK
r-devel-linux-x86_64-fedora-clang 2.2.1 98.24 OK
r-devel-linux-x86_64-fedora-gcc 2.2.1 92.81 OK
r-devel-windows-x86_64 2.2.1 11.00 83.00 94.00 OK
r-devel-windows-x86_64-gcc10-UCRT 2.2.1 ERROR
r-patched-linux-x86_64 2.2.1 10.44 63.43 73.87 OK
r-patched-solaris-x86 2.2.1 114.50 OK
r-release-linux-x86_64 2.2.1 6.56 62.92 69.48 OK
r-release-macos-arm64 2.2.1 OK
r-release-macos-x86_64 2.2.1 OK
r-release-windows-ix86+x86_64 2.2.1 17.00 65.00 82.00 OK
r-oldrel-macos-x86_64 2.2.1 OK
r-oldrel-windows-ix86+x86_64 2.2.1 15.00 59.00 74.00 OK

Check Details

Version: 2.2.1
Check: whether package can be installed
Result: WARN
    Found the following significant warnings:
     WARNING: installation-time patches will not be applied, could not get the patches index
Flavor: r-devel-windows-x86_64-gcc10-UCRT

Version: 2.2.1
Check: PDF version of manual
Result: WARN
    LaTeX errors when creating PDF version.
    This typically indicates Rd problems.
Flavor: r-devel-windows-x86_64-gcc10-UCRT

Version: 2.2.1
Check: PDF version of manual without hyperrefs or index
Result: ERROR
    Re-running with no redirection of stdout/stderr.
Flavor: r-devel-windows-x86_64-gcc10-UCRT