CRAN Package Check Results for Package magi

Last updated on 2022-09-29 03:58:07 CEST.

Flavor Version Tinstall Tcheck Ttotal Status Flags
r-devel-linux-x86_64-debian-clang 1.2.0 335.83 151.77 487.60 OK
r-devel-linux-x86_64-debian-gcc 1.2.0 292.67 110.81 403.48 OK
r-devel-linux-x86_64-fedora-clang 1.2.0 746.52 OK
r-devel-linux-x86_64-fedora-gcc 1.2.0 671.28 OK
r-devel-windows-x86_64 1.2.0 261.00 203.00 464.00 OK
r-patched-linux-x86_64 1.2.0 310.55 142.55 453.10 OK
r-release-linux-x86_64 1.2.0 299.44 147.12 446.56 OK
r-release-macos-arm64 1.2.0 169.00 NOTE
r-release-macos-x86_64 1.2.0 208.00 NOTE
r-release-windows-x86_64 1.2.0 245.00 211.00 456.00 OK
r-oldrel-macos-arm64 1.2.0 150.00 NOTE
r-oldrel-macos-x86_64 1.2.0 215.00 NOTE
r-oldrel-windows-ix86+x86_64 1.2.0 834.00 326.00 1160.00 NOTE

Check Details

Version: 1.2.0
Check: installed package size
Result: NOTE
     installed size is 24.8Mb
     sub-directories of 1Mb or more:
     libs 23.5Mb
Flavors: r-release-macos-arm64, r-release-macos-x86_64, r-oldrel-macos-arm64, r-oldrel-macos-x86_64, r-oldrel-windows-ix86+x86_64