CRAN Package Check Results for Package macrocol

Last updated on 2024-06-15 15:49:10 CEST.

Flavor Version Tinstall Tcheck Ttotal Status Flags
r-devel-linux-x86_64-debian-clang 0.1.0 2.36 20.03 22.39 OK
r-devel-linux-x86_64-debian-gcc 0.1.0 1.97 17.68 19.65 OK
r-devel-linux-x86_64-fedora-clang 0.1.0 31.61 NOTE
r-devel-linux-x86_64-fedora-gcc 0.1.0 29.59 NOTE
r-devel-windows-x86_64 0.1.0 3.00 40.00 43.00 OK
r-patched-linux-x86_64 0.1.0 2.11 20.76 22.87 OK
r-release-linux-x86_64 0.1.0 2.53 21.78 24.31 OK
r-release-macos-arm64 0.1.0 15.00 OK
r-release-macos-x86_64 0.1.0 20.00 OK
r-release-windows-x86_64 0.1.0 4.00 39.00 43.00 OK
r-oldrel-macos-arm64 0.1.0 15.00 OK
r-oldrel-macos-x86_64 0.1.0 17.00 OK
r-oldrel-windows-x86_64 0.1.0 4.00 40.00 44.00 OK

Check Details

Version: 0.1.0
Check: dependencies in R code
Result: NOTE Namespace in Imports field not imported from: ‘R.utils’ All declared Imports should be used. Flavors: r-devel-linux-x86_64-fedora-clang, r-devel-linux-x86_64-fedora-gcc