Last updated on 2022-06-30 15:51:45 CEST.
Flavor | Version | Tinstall | Tcheck | Ttotal | Status | Flags |
---|---|---|---|---|---|---|
r-devel-linux-x86_64-debian-clang | 2.1.2 | 14.80 | 100.00 | 114.80 | OK | |
r-devel-linux-x86_64-debian-gcc | 2.1.2 | 11.31 | 75.75 | 87.06 | OK | |
r-devel-linux-x86_64-fedora-clang | 2.1.2 | 155.02 | OK | |||
r-devel-linux-x86_64-fedora-gcc | 2.1.2 | 146.99 | OK | |||
r-devel-windows-x86_64 | 2.1.2 | 46.00 | 152.00 | 198.00 | OK | |
r-patched-linux-x86_64 | 2.1.2 | 12.71 | 94.43 | 107.14 | WARN | |
r-release-linux-x86_64 | 2.1.2 | 14.88 | 94.02 | 108.90 | WARN | |
r-release-macos-arm64 | 2.1.2 | 48.00 | OK | |||
r-release-macos-x86_64 | 2.1.2 | 67.00 | OK | |||
r-release-windows-x86_64 | 2.1.2 | 43.00 | 157.00 | 200.00 | OK | |
r-oldrel-macos-arm64 | 2.1.2 | 70.00 | OK | |||
r-oldrel-macos-x86_64 | 2.1.2 | 66.00 | OK | |||
r-oldrel-windows-ix86+x86_64 | 2.1.2 | 38.00 | 176.00 | 214.00 | WARN |
Version: 2.1.2
Check: data for ASCII and uncompressed saves
Result: WARN
Note: significantly better compression could be obtained
by using R CMD build --resave-data
old_size new_size compress
cgps.rda 1.5Mb 1.4Mb xz
Flavors: r-patched-linux-x86_64, r-release-linux-x86_64, r-oldrel-windows-ix86+x86_64