Last updated on 2023-02-06 15:57:20 CET.
Flavor | Version | Tinstall | Tcheck | Ttotal | Status | Flags |
---|---|---|---|---|---|---|
r-devel-linux-x86_64-debian-clang | 1.2.2 | 56.13 | 154.68 | 210.81 | NOTE | |
r-devel-linux-x86_64-debian-gcc | 1.2.2 | 42.58 | 121.26 | 163.84 | NOTE | |
r-devel-linux-x86_64-fedora-clang | 1.2.2 | 283.40 | NOTE | |||
r-devel-linux-x86_64-fedora-gcc | 1.2.2 | 272.23 | NOTE | |||
r-devel-windows-x86_64 | 1.2.2 | 50.00 | 229.00 | 279.00 | NOTE | |
r-patched-linux-x86_64 | 1.2.2 | 35.62 | 153.61 | 189.23 | OK | |
r-release-linux-x86_64 | 1.2.2 | 41.97 | 160.04 | 202.01 | OK | |
r-release-macos-arm64 | 1.2.2 | 76.00 | OK | |||
r-release-macos-x86_64 | 1.2.2 | 119.00 | OK | |||
r-release-windows-x86_64 | 1.2.2 | 49.00 | 214.00 | 263.00 | OK | |
r-oldrel-macos-arm64 | 1.2.2 | 89.00 | OK | |||
r-oldrel-macos-x86_64 | 1.2.2 | 118.00 | OK | |||
r-oldrel-windows-ix86+x86_64 | 1.2.2 | 124.00 | 252.00 | 376.00 | OK |
Version: 1.2.2
Check: C++ specification
Result: NOTE
Specified C++11: please update to current default of C++17
Flavors: r-devel-linux-x86_64-debian-clang, r-devel-linux-x86_64-debian-gcc, r-devel-linux-x86_64-fedora-clang, r-devel-linux-x86_64-fedora-gcc, r-devel-windows-x86_64