CRAN Package Check Results for Package lvec

Last updated on 2022-10-01 15:52:56 CEST.

Flavor Version Tinstall Tcheck Ttotal Status Flags
r-devel-linux-x86_64-debian-clang 0.2.2 135.19 37.63 172.82 OK
r-devel-linux-x86_64-debian-gcc 0.2.2 104.43 29.57 134.00 OK
r-devel-linux-x86_64-fedora-clang 0.2.2 222.09 ERROR
r-devel-linux-x86_64-fedora-gcc 0.2.2 232.85 OK
r-devel-windows-x86_64 0.2.2 124.00 89.00 213.00 OK
r-patched-linux-x86_64 0.2.2 110.79 36.61 147.40 OK
r-release-linux-x86_64 0.2.2 103.80 36.76 140.56 OK
r-release-macos-arm64 0.2.2 55.00 OK
r-release-macos-x86_64 0.2.2 73.00 OK
r-release-windows-x86_64 0.2.2 122.00 85.00 207.00 OK
r-oldrel-macos-arm64 0.2.2 58.00 OK
r-oldrel-macos-x86_64 0.2.2 116.00 OK
r-oldrel-windows-ix86+x86_64 0.2.2 368.00 98.00 466.00 OK

Additional issues

clang15 clang15

Check Details

Version: 0.2.2
Check: whether package can be installed
Result: ERROR
    Installation failed.
Flavor: r-devel-linux-x86_64-fedora-clang