Last updated on 2022-06-25 03:51:02 CEST.
Flavor | Version | Tinstall | Tcheck | Ttotal | Status | Flags |
---|---|---|---|---|---|---|
r-devel-linux-x86_64-debian-clang | 0.2.0 | 10.85 | 49.37 | 60.22 | OK | |
r-devel-linux-x86_64-debian-gcc | 0.2.0 | 8.91 | 38.36 | 47.27 | OK | |
r-devel-linux-x86_64-fedora-clang | 0.2.0 | 84.20 | NOTE | |||
r-devel-linux-x86_64-fedora-gcc | 0.2.0 | 83.36 | NOTE | |||
r-devel-windows-x86_64 | 0.2.0 | 58.00 | 84.00 | 142.00 | OK | |
r-patched-linux-x86_64 | 0.2.0 | 14.73 | 46.89 | 61.62 | OK | |
r-release-linux-x86_64 | 0.2.0 | 11.62 | 47.29 | 58.91 | OK | |
r-release-macos-arm64 | 0.2.0 | 26.00 | NOTE | |||
r-release-macos-x86_64 | 0.2.0 | 38.00 | NOTE | |||
r-release-windows-x86_64 | 0.2.0 | 42.00 | 84.00 | 126.00 | OK | |
r-oldrel-macos-arm64 | 0.2.0 | 28.00 | NOTE | |||
r-oldrel-macos-x86_64 | 0.2.0 | 35.00 | NOTE | |||
r-oldrel-windows-ix86+x86_64 | 0.2.0 | 22.00 | 71.00 | 93.00 | OK |
Version: 0.2.0
Check: dependencies in R code
Result: NOTE
Namespaces in Imports field not imported from:
‘fs’ ‘progress’
All declared Imports should be used.
Flavors: r-devel-linux-x86_64-fedora-clang, r-devel-linux-x86_64-fedora-gcc, r-release-macos-arm64, r-release-macos-x86_64, r-oldrel-macos-arm64, r-oldrel-macos-x86_64