CRAN Package Check Results for Package lubridate

Last updated on 2020-09-26 03:47:16 CEST.

Flavor Version Tinstall Tcheck Ttotal Status Flags
r-devel-linux-x86_64-debian-clang 1.7.9 41.09 88.44 129.53 WARN
r-devel-linux-x86_64-debian-gcc 1.7.9 30.51 66.26 96.77 OK
r-devel-linux-x86_64-fedora-clang 1.7.9 172.96 WARN
r-devel-linux-x86_64-fedora-gcc 1.7.9 173.01 OK
r-devel-windows-ix86+x86_64 1.7.9 95.00 183.00 278.00 OK
r-patched-linux-x86_64 1.7.9 35.02 85.89 120.91 OK
r-patched-solaris-x86 1.7.9 179.20 OK
r-release-linux-x86_64 1.7.9 33.57 86.10 119.67 OK
r-release-macos-x86_64 1.7.9 OK
r-release-windows-ix86+x86_64 1.7.9 82.00 206.00 288.00 OK
r-oldrel-macos-x86_64 1.7.9 OK
r-oldrel-windows-ix86+x86_64 1.7.9 91.00 166.00 257.00 OK

Check Details

Version: 1.7.9
Check: whether package can be installed
Result: WARN
    Found the following significant warnings:
     ./cctz/src/time_zone_posix.h:72:7: warning: anonymous types declared in an anonymous union are an extension [-Wnested-anon-types]
     ./cctz/src/time_zone_posix.h:75:7: warning: anonymous types declared in an anonymous union are an extension [-Wnested-anon-types]
     ./cctz/src/time_zone_posix.h:78:7: warning: anonymous types declared in an anonymous union are an extension [-Wnested-anon-types]
Flavors: r-devel-linux-x86_64-debian-clang, r-devel-linux-x86_64-fedora-clang