CRAN Package Check Results for Package ltsspca

Last updated on 2022-01-27 04:05:27 CET.

Flavor Version Tinstall Tcheck Ttotal Status Flags
r-devel-linux-x86_64-debian-clang 0.1.0 88.02 180.44 268.46 OK
r-devel-linux-x86_64-debian-gcc 0.1.0 66.66 135.08 201.74 OK
r-devel-linux-x86_64-fedora-clang 0.1.0 353.17 NOTE
r-devel-linux-x86_64-fedora-gcc 0.1.0 335.48 OK
r-devel-windows-x86_64-new-UL 0.1.0 86.00 219.00 305.00 OK
r-devel-windows-x86_64-new-TK 0.1.0 OK
r-patched-linux-x86_64 0.1.0 81.89 173.10 254.99 OK
r-release-linux-x86_64 0.1.0 80.89 170.24 251.13 OK
r-release-macos-arm64 0.1.0 NOTE
r-release-macos-x86_64 0.1.0 OK
r-release-windows-ix86+x86_64 0.1.0 215.00 248.00 463.00 OK
r-oldrel-macos-x86_64 0.1.0 OK
r-oldrel-windows-ix86+x86_64 0.1.0 218.00 240.00 458.00 OK

Check Details

Version: 0.1.0
Check: installed package size
Result: NOTE
     installed size is 5.2Mb
     sub-directories of 1Mb or more:
     libs 4.7Mb
Flavors: r-devel-linux-x86_64-fedora-clang, r-release-macos-arm64