CRAN Package Check Results for Package lterpalettefinder

Last updated on 2024-07-15 03:49:31 CEST.

Flavor Version Tinstall Tcheck Ttotal Status Flags
r-devel-linux-x86_64-debian-clang 1.1.0 3.55 50.15 53.70 OK
r-devel-linux-x86_64-debian-gcc 1.1.0 2.52 37.79 40.31 OK
r-devel-linux-x86_64-fedora-clang 1.1.0 65.52 NOTE
r-devel-linux-x86_64-fedora-gcc 1.1.0 75.56 NOTE
r-devel-windows-x86_64 1.1.0 4.00 72.00 76.00 OK
r-patched-linux-x86_64 1.1.0 2.76 47.70 50.46 OK
r-release-linux-x86_64 1.1.0 1.93 46.73 48.66 OK
r-release-macos-arm64 1.1.0 32.00 OK
r-release-macos-x86_64 1.1.0 45.00 OK
r-release-windows-x86_64 1.1.0 5.00 60.00 65.00 OK
r-oldrel-macos-arm64 1.1.0 32.00 OK
r-oldrel-macos-x86_64 1.1.0 38.00 OK
r-oldrel-windows-x86_64 1.1.0 5.00 63.00 68.00 OK

Check Details

Version: 1.1.0
Check: data for non-ASCII characters
Result: NOTE Note: found 1 marked UTF-8 string Flavors: r-devel-linux-x86_64-fedora-clang, r-devel-linux-x86_64-fedora-gcc